 Give o(2).
-7
Let m(g) = -26*g**2 + g - 2. Let i(d) = -d**2 - 1. Let f(v) = -2*i(v) + m(v). Give f(1).
-23
Suppose -u + 2 = 3. Let d be 0 + 1 + 1 - u. Let q(w) = 3*w**2 - 1 - 2*w**3 + 0*w + 3*w**d - 3*w. Calculate q(-4).
-5
Let q(k) = k**3 - k**2 - k + 1. Let p be q(0). Suppose -4*d - 3 - p = 0. Let l(m) be the first derivative of -5*m**2 - 2. Calculate l(d).
10
Suppose -4*b = 15 + 1. Let x(v) = -2*v - 3. Determine x(b).
5
Let p(t) = -t**3 - 4*t**2 + 2*t + 5. Let o be (-1)/2 - 61/(-2). Suppose 400 = g - 5*g. Let f be g/o*(-6)/(-5). Calculate p(f).
-3
Let s(p) = 2*p**2 - 2*p. Let z = 19 + -17. Give s(z).
4
Let x be ((-45)/12)/(3/(-8)). Let q be ((0 + 1)*-10)/(-2). Let w = q - x. Let f(c) = c**3 + 4*c**2 - 6*c + 1. Give f(w).
6
Let x(i) = i**2 + 7*i - 3. Let q(p) = -p. Let c be q(6). Calculate x(c).
-9
Let a(m) be the third derivative of -m**7/840 + m**6/120 - m**5/60 - m**3/3 + m**2. Let h(k) be the first derivative of a(k). Let g = -2 - -4. Calculate h(g).
0
Let o(u) = 3*u. Suppose -3*s - 12 = -27. Determine o(s).
15
Let g be (-3)/(-9)*6 + 3. Let a(z) = z**3 - 7*z**2 + 6*z + 6. What is a(g)?
-14
Let x(l) = -l - 11. Let v be x(0). Let y = -7 - v. Suppose 23 - 7 = y*h. Let g(r) = -r**3 + 5*r**2 - 3*r - 2. Give g(h).
2
Let s be 2/(-2) - (1 - -4). Let f be (2 - -1)/(s + 7). Suppose 0 = f*m + 4*p + 4, 0*m + 4*p = -m - 4. Let r(g) = -g + 7. Give r(m).
7
Let g(f) = -4*f - 2. Let z(i) = -7*i - 5. Let j(p) = -5*g(p) + 3*z(p). Suppose 5*c - 3*c + 18 = 0. Let b be j(c). Let v(l) = -l + 3. Give v(b).
-1
Let q(z) = 4*z - 1. Let m = -10 - -12. Calculate q(m).
7
Let z(a) = 4*a**2 + 2 - 8*a - 3*a**2 + 3. Calculate z(6).
-7
Let f = -4 + 0. Let r(y) = y**2 - 3*y + 2. Let q be r(2). Let k(m) = m + 2 + m + q. Give k(f).
-6
Let b(v) = 0*v**3 + 2 + 6*v**2 - 2*v**3 - 6*v + v**3. Calculate b(5).
-3
Let u be (-3)/(1 + (-5)/2). Let l(f) = -5*f**u + 0 + 5*f**3 - 6*f**3 + 0 - 3*f. Suppose 12 = -5*b - 8. Determine l(b).
-4
Let p(h) = h - 1. Let o be (0/2 + 0)/2. Suppose 0 = 3*g - s + 15, -5*g - 2*s - 8 = 2*s. Let a = o + g. What is p(a)?
-5
Let x(t) = 2*t. Let h be 3/((-3)/2) + 0. Suppose 5*r = 3*r - 4. Let z be (2 + -3)/(r/h). What is x(z)?
-2
Let t(c) = -9*c**2 - 2. Let o(b) be the second derivative of 0 - 1/3*b**4 - 1/2*b**2 + 0*b**3 + b. Let h(r) = 5*o(r) - 2*t(r). Calculate h(1).
-3
Let b be (-14)/21 - 46/(-6). Let r(u) = b*u + u - 2*u + 3 - 2*u. Give r(-2).
-5
Let j(s) = -15 + 7 - 31*s + 1 + 9. Let i(y) = -15*y + 1. Let u(l) = -13*i(l) + 6*j(l). Calculate u(-1).
-10
Suppose -j + 0 = 6. Let s(q) = 2*q - 5. Let z(a) = 2*a - 4. Let k(x) = j*z(x) + 5*s(x). Calculate k(-2).
3
Let h(u) = u**2 + 11*u - 41 + 32 - u. Give h(-9).
-18
Let m(i) = -2*i**3 - i**2. Suppose -3*h - 2 = -5. Give m(h).
-3
Suppose -w + 3*a = 42, 3*a - 22 - 50 = 2*w. Let p be w/18 - (-1)/(-3). Let o(n) = n**2 + n - 2. What is o(p)?
0
Let y(z) = z**3 + 8*z**2 + 6*z - 4. Let t be 4/(-6) + (-76)/12. Let w be y(t). Let c(b) = -4*b + 0*b**2 - 5*b + b**2 + w*b + 1. Give c(4).
-7
Suppose -u - 3 = -9. Let h(z) be the second derivative of -z**5/20 + z**4/2 + 2*z**2 + 3*z. Determine h(u).
4
Let z(u) = -u - 7. Let k = 10 - 10. Let j be k/(9/(-3))*1. Calculate z(j).
-7
Let j = 1 + -3. Let d(h) = 7*h**2 - 5*h + 8. Let n(f) = f**2 - f + 1. Let p(g) = -d(g) + 6*n(g). Determine p(j).
-4
Suppose 5*u - 20 = 10. Let w = u - 3. Let p(z) = -5*z**2 - 9*z + 11. Let b(x) = -2*x**2 - 3*x + 4. Let l(j) = -11*b(j) + 4*p(j). Calculate l(w).
9
Let r(b) = b**2 + 8*b - 10. Suppose -t = -4*i - 27, -t + 22 - 51 = 3*i. Calculate r(i).
-10
Let o = 3 + -5. Let j = 4 - 2. Let d(n) = -1 - 2 - j*n + n**2 + 1. Determine d(o).
6
Let p be 10 + -4 + (2 - 2). Let m(c) = c**3 - 7*c**2 + 6*c. Determine m(p).
0
Let p(m) = m**2 + 1. Let d(g) = -g**2 - 1. Let z(f) = -2*d(f) - p(f). Let q be (0 + 3)*2/(-6). Give z(q).
2
Let m(f) = f - 2. Let s(t) = t + 2. Let n be s(0). Calculate m(n).
0
Suppose -3*f = -2*n - 137, -5*f - 5*n = 49 - 269. Suppose 0 = -5*h - 0*h - f. Let m = h - -7. Let d(i) = 2*i**3 + 3*i**2 + i - 2. Determine d(m).
-8
Let d(l) = 79*l - 15. Let c(s) = 43*s - 8. Let r(w) = -11*c(w) + 6*d(w). Let p(m) = -m**3 + m**2 + m + 2. Let y be p(2). Suppose 8 = -2*f - y*f. Give r(f).
-6
Suppose 3*u = 5*f - 0*u - 18, -f - u + 2 = 0. Let j(g) = g**f + 5*g - 4*g + 4*g**2 - g + 3 - 3*g. Determine j(-5).
-7
Let t(d) = -d**3 + 3*d**2 + 6*d - 6. Let p be t(4). Let q(w) = -17*w + 19*w + p - 3. What is q(-2)?
-5
Suppose -2*s - 5*d + 46 = 13, -s + 2*d = 6. Let j(z) = 3*z - 5. Let y(f) = 3*f - 5. Let h(n) = 5*j(n) - 6*y(n). What is h(s)?
-7
Let y(p) be the second derivative of -p**4/12 + p**3/6 + 3*p**2/2 + 4*p. Give y(0).
3
Suppose 0 = 3*v + 3*o - 6, 0 = -2*o - 3*o. Let i(u) = -1 + 6*u - 4*u**v + 0*u - u**3 + 1. Suppose 0*p = p + 5. What is i(p)?
-5
Suppose -3*m + 5 = -2*m. Suppose 4 = 3*t - m. Let f(x) = 0*x**t - 5*x + 4*x**2 + x**3 + 0 + 7. Give f(-5).
7
Let r = 5 + -5. Suppose -4*m - 4*v + 8 = 0, r*m + 4*v = -2*m + 4. Let t(z) = -z**2 + z**3 + 0*z**m - 2*z**2 + 5*z**2. What is t(-3)?
-9
Suppose 3*d + 4*s + 13 = -4, -12 = -2*d + 2*s. Let b(h) be the second derivative of h + 0 + 0*h**3 + 1/2*h**2 + 1/2*h**4. Determine b(d).
7
Let f(a) = -4*a**2 - a. Let x(c) = -6*c + 59. Let h be x(10). Calculate f(h).
-3
Suppose -70 = -9*q - 5*q. Let x(a) = -a**2 + 3. What is x(q)?
-22
Let t(u) = u**2 + 3*u - 6. Let w be t(-5). Let y(a) = 8*a + w*a + 2*a - 4*a. Suppose 0 = -r, 2 = 3*p + 5*r + 5. Calculate y(p).
-10
Let c(f) = -9*f + 11. Let i(r) = -4*r + 5. Suppose 0 = -2*z + z + 2. Let x(g) = z*c(g) - 5*i(g). Give x(5).
7
Let a(k) be the second derivative of -2*k**3/3 + 3*k**2 - 5*k. Calculate a(4).
-10
Let v(m) = -m**3 - 8*m**2 - 6*m + 8. Let d = 15 - 22. Calculate v(d).
1
Let r(f) = f**2 - 8*f - 1. Let y be r(8). Let q(x) = 3*x**2 + 2*x**3 - 5*x**2 + 8 - 7. Determine q(y).
-3
Let g(j) = 4*j**3 - 13*j**2 + 15*j - 2. Let n(u) = -3*u**3 + 9*u**2 - 10*u + 1. Let d(p) = 5*g(p) + 7*n(p). Determine d(-4).
9
Let r(m) = 2*m**3 + 1 - 35*m**2 - 3*m**3 + 2*m + 33*m**2. What is r(2)?
-11
Let j(l) be the third derivative of 0*l**3 + 0*l + 1/60*l**5 + 0*l**4 + l**2 + 0. Give j(-1).
1
Let h(t) be the third derivative of -t**4/24 + t**3/3 + 3*t**2. What is h(3)?
-1
Let w be 1/4*-2*2. Let d(c) = 4*c + 1. Give d(w).
-3
Let k(c) = c - 3. Suppose 5*q - 43 = -2*m, -m = -2*q - q + 17. Let j be k(q). Let t(i) = i**2 - 3*i - 5. What is t(j)?
-1
Let w(g) = -4*g + 0 + 0*g + 4 + g**2. Suppose -2*q = -5*j - 31, j - 16 = -5*q - 6. Determine w(q).
1
Let s(x) = -6*x**3 - x**2 - 5*x - 1. Let c(f) = 7*f**3 + f**2 + 6*f. Let a(p) = 5*c(p) + 6*s(p). Let t be a(0). Let w(n) = -2*n - 2. Give w(t).
10
Let m(l) be the first derivative of -l**3/3 + l**2/2 + 1. Let g be (2 + -3)/(2/(-24)). Suppose 0 = 8*q - 20 - g. Give m(q).
-12
Let p(o) = o - 7. Suppose 4 = -9*v + 49. Determine p(v).
-2
Let b(y) = y - 21 - 20 + 41. Suppose 2*s + 21 = -5*m, m = -4*s - 2*m - 7. What is b(s)?
2
Let g(l) = l - 5. Let a = 21 + -15. Give g(a).
1
Let v(l) = -l - 3. Let a be v(-3). Suppose 0*b = -h + b, -h + 2*b + 2 = a. Let i(d) = -2*d**2 + 1 - 2 - 4*d - 1. Give i(h).
-2
Let o = -6 + 6. Let x = o - 5. Let z(p) = p**2 + 8*p + 4. Give z(x).
-11
Let n(j) be the first derivative of j**3/3 + j**2 - 2*j - 1. Suppose 5*y + 9 = -w, 1 + 0 = -y. What is n(w)?
6
Let p = 36 - 16. Let o be (-45)/p + (-2)/(-8). Let a(z) = -z**2 - 4*z - 3. Determine a(o).
1
Let u(y) = -y**2 + 1. Let p be (-2)/12 - (-415)/(-30). Let a = -13 - p. Give u(a).
0
Let d(s) = 9 - s - 2*s**3 - 8 - 8*s**2 - 4*s + 0*s. Let c(m) = 3*m**3 + 9*m**2 + 6*m - 1. Let w(p) = -4*c(p) - 5*d(p). Determine w(3).
-16
Let i(m) be the third derivative of -m**4/24 - 7*m**3/6 - m**2. Let t(q) = q**3 + 13*q**2 + q + 9. Let h be t(-13). Determine i(h).
-3
Let r(a) = -a**3 + 4*a**2 - 3*a + 4. Let s(w) = w**3 + 7*w**2 + 4. Let d = 10 - 17. Let f be s(d). Determine r(f).
-8
Suppose 20 = -4*y + 9*y. Let l(k) = k**2 - 3*k + 4. Determine l(y).
8
Let n(k) = -6*k**3 + k**2 + 2*k + 1. Suppose -f + 4*m = -0*m - 3, 4*m = 2*f - 2. What is n(f)?
6
Suppose 0 = -2*h + 5 + 1. Let l(y) = -y + 2. Let m be l(0). Let v(a) = 4 - m*a + 0*a - 1. What is v(h)?
-3
Suppose 0 = -4*x - 12, -3*b - 4*x - 8 - 13 = 0. Let o(p) = -p - 2. Let d be o(-4). Let c(g) = -g**2 - 6*g**2 - d + 8*g**2. Give c(b).
7
Let d(n) be the